{"id":39,"date":"2023-03-13T16:32:26","date_gmt":"2023-03-13T16:32:26","guid":{"rendered":"http:\/\/fiziyo.hr\/?page_id=39"},"modified":"2025-02-27T07:22:06","modified_gmt":"2025-02-27T07:22:06","slug":"biografija","status":"publish","type":"page","link":"https:\/\/fiziyo.hr\/?page_id=39","title":{"rendered":"Biografija"},"content":{"rendered":"\n<p class=\"has-text-align-center\">Vedran Sve\u010dnjak- biografija<\/p>\n\n\n\n<p><\/p>\n\n\n\n<p class=\"has-text-align-center\">Ro\u0111en je 1978. godine u Zagrebu. Srednju medicinsku \u0161kolu za masere zavr\u0161io je 1995. u Vinogradskoj, u Zagrebu, a dokvalifikaciju za fizioterapeutskog tehni\u010dara na Zdravstvenom u\u010dili\u0161tu u Zagrebu 1997. Pripravni\u010dki sta\u017e odradio je u Domu zdravlja \u017deljezni\u010dara, u Zagrebu (oba puta). Godinu dana radio je kao patrona\u017eni fizioterapeut u Zdravstvenoj ustanovi Zorica, uglavnom s djecom i neurolo\u0161kim bolesnicima. Nakon toga zapo\u0161ljava se u Domu za starije i nemo\u0107ne osobe Pe\u0161\u010denica, gdje je radio 16 godina. Zadnjih 7 godina rada (koje zbog stru\u010dnosti i kolegijalnosti tima u kojem je radio i \u0161irine spektra dijagnoza i stanja pacijenata s kojima je radio smatra najdragocjenijim radnim iskustvom) provodi u Privatnoj praksi fizikalne terapije Jadranka Brozd, do njenog zatvaranja krajem 2022, gdje je me\u0111u ostalim stekao iskustvo rada s osobama sa sklerodermijom i drugim rijetkim bolestima.<\/p>\n\n\n\n<p class=\"has-text-align-center\">Od dodatnih edukacija zavr\u0161io je te\u010daj limfne drena\u017ee po dr. Vodderu, u Praktici Pollak, kompletnu edukaciju (5 modula) Myofascial Release Technique\/ Miofascijalna relaksacija (certificirani je MFR terapeut), MFR Master class I (Advanced MFR &amp; CST therapy), MFR Master class II (Polarity Therapy), Miofascial Trigger Point Therapy, sva tri stupnja Kinesio tape- a (Kinesio University), te radionicu JB pristup rehabilitaciji pereze N. facialisa.<\/p>\n","protected":false},"excerpt":{"rendered":"<p>Vedran Sve\u010dnjak- biografija Ro\u0111en je 1978. godine u Zagrebu. Srednju medicinsku \u0161kolu za masere zavr\u0161io je 1995. u Vinogradskoj, u Zagrebu, a dokvalifikaciju za fizioterapeutskog tehni\u010dara na Zdravstvenom u\u010dili\u0161tu u Zagrebu 1997. Pripravni\u010dki sta\u017e odradio je u Domu zdravlja \u017deljezni\u010dara, u Zagrebu (oba puta). Godinu dana radio je kao patrona\u017eni fizioterapeut u Zdravstvenoj ustanovi Zorica, [&hellip;]<\/p>\n","protected":false},"author":1,"featured_media":0,"parent":0,"menu_order":0,"comment_status":"closed","ping_status":"closed","template":"","meta":{"footnotes":""},"class_list":["post-39","page","type-page","status-publish","hentry"],"_links":{"self":[{"href":"https:\/\/fiziyo.hr\/index.php?rest_route=\/wp\/v2\/pages\/39","targetHints":{"allow":["GET"]}}],"collection":[{"href":"https:\/\/fiziyo.hr\/index.php?rest_route=\/wp\/v2\/pages"}],"about":[{"href":"https:\/\/fiziyo.hr\/index.php?rest_route=\/wp\/v2\/types\/page"}],"author":[{"embeddable":true,"href":"https:\/\/fiziyo.hr\/index.php?rest_route=\/wp\/v2\/users\/1"}],"replies":[{"embeddable":true,"href":"https:\/\/fiziyo.hr\/index.php?rest_route=%2Fwp%2Fv2%2Fcomments&post=39"}],"version-history":[{"count":13,"href":"https:\/\/fiziyo.hr\/index.php?rest_route=\/wp\/v2\/pages\/39\/revisions"}],"predecessor-version":[{"id":276,"href":"https:\/\/fiziyo.hr\/index.php?rest_route=\/wp\/v2\/pages\/39\/revisions\/276"}],"wp:attachment":[{"href":"https:\/\/fiziyo.hr\/index.php?rest_route=%2Fwp%2Fv2%2Fmedia&parent=39"}],"curies":[{"name":"wp","href":"https:\/\/api.w.org\/{rel}","templated":true}]}}

<p class="has-text-align-center">Vedran Svečnjak- biografija</p>



<p></p>



<p class="has-text-align-center">Rođen je 1978. godine u Zagrebu. Srednju medicinsku školu za masere završio je 1995. u Vinogradskoj, u Zagrebu, a dokvalifikaciju za fizioterapeutskog tehničara na Zdravstvenom učilištu u Zagrebu 1997. Pripravnički staž odradio je u Domu zdravlja Željezničara, u Zagrebu (oba puta). Godinu dana radio je kao patronažni fizioterapeut u Zdravstvenoj ustanovi Zorica, uglavnom s djecom i neurološkim bolesnicima. Nakon toga zapošljava se u Domu za starije i nemoćne osobe Peščenica, gdje je radio 16 godina. Zadnjih 7 godina rada (koje zbog stručnosti i kolegijalnosti tima u kojem je radio i širine spektra dijagnoza i stanja pacijenata s kojima je radio smatra najdragocjenijim radnim iskustvom) provodi u Privatnoj praksi fizikalne terapije Jadranka Brozd, do njenog zatvaranja krajem 2022, gdje je među ostalim stekao iskustvo rada s osobama sa sklerodermijom i drugim rijetkim bolestima.</p>



<p class="has-text-align-center">Od dodatnih edukacija završio je tečaj limfne drenaže po dr. Vodderu, u Praktici Pollak, kompletnu edukaciju (5 modula) Myofascial Release Technique/ Miofascijalna relaksacija (certificirani je MFR terapeut), MFR Master class I (Advanced MFR &amp; CST therapy), MFR Master class II (Polarity Therapy), Miofascial Trigger Point Therapy, sva tri stupnja Kinesio tape- a (Kinesio University), te radionicu JB pristup rehabilitaciji pereze N. facialisa.</p>

<p>Vedran Svečnjak- biografija Rođen je 1978. godine u Zagrebu. Srednju medicinsku školu za masere završio je 1995. u Vinogradskoj, u Zagrebu, a dokvalifikaciju za fizioterapeutskog tehničara na Zdravstvenom učilištu u Zagrebu 1997. Pripravnički staž odradio je u Domu zdravlja Željezničara, u Zagrebu (oba puta). Godinu dana radio je kao patronažni fizioterapeut u Zdravstvenoj ustanovi Zorica, [&hellip;]</p>
